-66*o + 10 + 1. What is l(o)?
135
Let h(o) be the third derivative of 0 - 1/6*o**3 - 1/3*o**4 + 4*o**2 - 1/60*o**5 + 0*o. What is h(-7)?
6
Let l = 1 + 3. Let f(r) be the third derivative of r**7/5040 - r**6/360 - 7*r**5/3 + 546*r**2. Let v(s) be the third derivative of f(s). Give v(l).
2
Let b be 3/(-2)*(-14)/3. Let v(w) = -35*w - 38*w - 39*w + 123*w - w**2 + 0*w**2 + 7. Let j(f) = -4*f**2 + 34*f + 21. Let g(x) = b*v(x) - 2*j(x). Give g(-8).
-1
Let q(i) = -35*i - 109. Let l be 2/(-6)*4986/554. What is q(l)?
-4
Let s(b) = -2*b**3 + b**2 + 2*b - 13. Let z(a) = -a**3 + a - 6. Let j(v) = -3*s(v) + 7*z(v). Suppose 340 + 50 = -5*l. Let g = -82 - l. Determine j(g).
9
Let o(k) = -k**3 + 8*k**2 - k + 6. Let q be o(8). Let n = 1 - q. Let u(f) = 17 - 34 + 0*f + 18 + 2*f. Determine u(n).
7
Suppose 18 = -86*h + 92*h. Let g(x) = -x + 1 - h*x + x + x**2 - 2*x. What is g(7)?
15
Let u(h) = -7*h + 12. Let g = -4145 + 4151. Calculate u(g).
-30
Let j(b) = -10*b - 4416151*b**3 + 0*b**2 + 4416150*b**3 + 8*b**2. Calculate j(4).
24
Let l(w) = -5*w**3 - 15*w**2 - 17*w - 12. Let o(c) = 4*c**3 + 11*c**2 + 16*c + 11. Let z(n) = 5*l(n) + 6*o(n). Determine z(-9).
-93
Let j be (3/(-2))/(6/(-4)*(-227)/(-908)). Let p(v) = v**3 - 3*v**2 - v + 9. Let o(t) = -t**3 + 3*t**2 - 9. Let m(d) = 5*o(d) + 6*p(d). What is m(j)?
1
Let t(f) = 2*f - 40. Let z(k) = 55*k + 177. Let v be z(-3). What is t(v)?
-16
Let g(v) = 8 + 24 - 5422*v + 5404*v + v**2. Give g(15).
-13
Suppose b + 0 = -2*p - 2, 0 = b + p + 3. Let t be (-9062)/(-253) - b/22. Let d be (-120)/t*(-6)/4. Let x(z) = -z**2 + 4*z - 1. Calculate x(d).
-6
Let m(w) = w**2 + 2*w**2 - 4*w**2 + 5 + 8*w. Suppose 632*p + 1022 = 778*p. Determine m(p).
12
Let c(f) = -f**2 - 9*f + 5. Suppose 38*i + 13 = -r + 36*i, -4*r - 47 = 3*i. Let x(q) = 2*q**2 + 17*q - 9. Let a(h) = r*c(h) - 6*x(h). Determine a(3).
-19
Let g(q) = q**3 - 2*q**2 + 5*q - 4. Let p(j) = 8*j - 61. Let l be p(8). Suppose -5*f - 5*b = -l*b, 2*b + 10 = 0. Determine g(f).
6
Suppose -2*z = -3*l + 199, -3 = -2*l - 2*z + 113. Let s(w) = -32*w - 2 - 29*w + l*w. What is s(-6)?
-14
Suppose 14*d - 34*d = -40. Let u(v) = v**d - 8*v + 23*v - 7*v + 3*v + 4. Determine u(-10).
-6
Let s(a) = -14*a + 15. Let n(t) = 16*t - 19. Let i(b) = 8*n(b) + 9*s(b). Determine i(-7).
-31
Let r(u) = u. Let p(o) = 5*o + 3. Let i(l) = p(l) - 6*r(l). Let k = 133 - -487. Let m = 627 - k. Give i(m).
-4
Let x(c) = -32*c - 63. Let b be x(-14). Let n = -379 + b. Let t(a) = -a**3 + 7*a**2 - 4*a - 2. Calculate t(n).
10
Let h(b) = -76*b**2 - 38*b - 78. Let w(l) = -45*l**2 - 19*l - 40. Let o(d) = 3*h(d) - 5*w(d). What is o(-2)?
-8
Let w(l) = 2*l**3 - 34*l**2 + 29*l + 49. Let k be (-111)/36 + 19 - (23/12 - 2). Determine w(k).
1
Let x(i) = -11 + i**3 + 135*i**2 - 390*i**2 + 123*i**2 + 125*i**2 - 13*i. Calculate x(8).
-51
Let r(f) = 171*f + 33*f**3 - 32*f**3 - 9 - 162*f + 11*f**2 + 0. What is r(-10)?
1
Let a = 466 - 482. Let d be (-84)/15*(-40)/a. Let b(o) = -o**3 - 15*o**2 - 16*o - 33. Give b(d).
-5
Let z be (-1 + 9)/(-1 + -3 + 6). Let v(g) = -13322 - g - z*g**2 + 13322. Calculate v(1).
-5
Let t(k) = 2*k - 11. Suppose -3*z + 1326 = -3*i, -812 - 82 = 2*i + 3*z. Let p = i - -455. What is t(p)?
11
Let x(r) = 2*r + 9. Let t(g) = g + 10. Let q(a) = 3*t(a) - 2*x(a). Let m(k) = k**2 + 22*k - 4227. Let h be m(55). Give q(h).
4
Let t(s) = s**3 + 6*s**2 - 5*s - 6. Suppose -15 - 21 = -3*x. Suppose -x = 5*j + 18. Let q be j/(-4) + 85/(-10). Determine t(q).
-20
Let w(q) be the second derivative of -5*q**3/6 + q**2/2 + q. Let o be (-7)/(-3)*((-1500)/(-84) + -17). What is w(o)?
-9
Let v(u) = 2*u - 5*u + 3*u - 1 + 2*u. Let m(c) = -c. Let k(d) = 4*m(d) + 3*v(d). Let j = 232 - 230. Determine k(j).
1
Let z be 8 + (-25 - 12 - -19). Let w(h) = -14*h + 2 + 1 - 11*h**2 + 5*h - h**3. Calculate w(z).
-7
Let g(q) = -2*q**2. Let i be (1 - -1)/(6/(-9)) + -76. Let o = 83 + i. Let c(r) = r**3 - 3*r**2 - 5*r + 2. Let h be c(o). Determine g(h).
-8
Suppose -149 + 25 = 31*i + 31. Let t be 3 - 3/(3/(-2)). Let c(d) = -3*d + t*d**2 + 5*d + 0*d + d**3 + 1. Give c(i).
-9
Let p(v) = -3*v - 31. Let j = 7873 - 7879. What is p(j)?
-13
Let h be ((-6)/90*5)/(2/(-48)). Let v(d) = 6*d + 6. Determine v(h).
54
Let g(j) = 4236 - 2123 + 22*j - 2136. What is g(1)?
-1
Let l(d) = d**3 + 5*d**2 - 2*d - 6. Let v be l(-5). Let p be (-45)/18*(-1)/(-5)*v. Let o(r) = -2*r**2 - 2*r - 3. Give o(p).
-7
Suppose 0 = 9*k - 2*k - 28. Suppose -6*r - k*r - 60 = 0. Let p(l) be the third derivative of l**4/24 + l**3/2 + l**2. Determine p(r).
-3
Let h(b) be the third derivative of -b**5/60 + b**4/8 + b**3/6 + 7*b**2. Suppose 2*s - 3*g = 3, -2*s + 14 = 2*s + 2*g. Let f be 16/12 + 2/s. What is h(f)?
3
Let i(h) = 15*h + 12. Let v be i(-2). Let w(n) = 2*n**2 + 38*n + 24. Determine w(v).
-12
Let n = -913 - -1453. Let q(v) = 2*v**2 + 263*v + 3 - n*v + 276*v. Determine q(-3).
24
Let h(d) = 96*d - 47*d - 50*d. Let r(t) = -7*t + 1. Let l(g) = 6*h(g) - r(g). What is l(-3)?
-4
Let j(w) = 6*w**2 - 16*w + 16. Let v(i) = -i**2 + 5*i - 1. Let t(s) = -j(s) - 5*v(s). What is t(-7)?
3
Let k(u) = -16 - u**2 + 2*u - 19 + 11 + 10. Give k(0).
-14
Let f(m) = 367*m + 294. Let c(z) = -54*z. Let k(x) = -6*c(x) - f(x). Determine k(-7).
7
Let t(y) be the third derivative of 12*y**2 + 2/3*y**3 - 2*y - 1/12*y**4 + 0. Calculate t(-4).
12
Suppose -10 = -r + 5*p + 8, 5*r + 3*p = -22. Let j be (7 - 2)*24/40. Let a(l) = -l - 4 + 3 - j*l. What is a(r)?
7
Suppose -304*b + 872*b - 2272 = 0. Let n(p) be the first derivative of -4/3*p**3 + 2 - p**2 + 2*p + 1/4*p**4. Calculate n(b).
-6
Let g(k) = 36*k + 1151. Let s be g(-32). Let c(q) = 2*q**3 + 3*q**2 + 4*q + 2. Give c(s).
-1
Let o(n) = 3*n - 4*n + 3*n + 6*n + n. Let r(g) = 3*g + 1. Let s be r(0). What is o(s)?
9
Suppose 187*l - 4 = 185*l. Let b(p) = 21 + p**l - p**3 + 36 - 46. Let f(m) = -m**2 + 4*m - 3. Let r be f(3). Calculate b(r).
11
Let j(q) = 3*q - 39. Suppose 345 = -25*n + 645. Determine j(n).
-3
Let w(h) be the first derivative of 3*h**2 + 6*h + 414. Give w(-2).
-6
Let o = 19 + -11. Let s(w) = w + 8. Let v(f) = -2. Let j = 523 + -524. Let i(y) = j*s(y) - 5*v(y). Calculate i(o).
-6
Let z(f) = -f**2 + 9*f + 15. Let q be z(10). Suppose 10 = 5*x - c + 9, 4*c - 21 = -q*x. Let p(k) = -k + 1. Let u(g) = g. Let w(a) = p(a) - u(a). What is w(x)?
-1
Let c(u) = -25*u**2 - 14*u + 83. Let p(b) = 31*b**2 + 16*b - 87. Let g(l) = -5*c(l) - 4*p(l). Calculate g(7).
24
Let i(p) be the third derivative of p**4/12 - 2*p**3/3 + 2*p**2. Let t = -85072 + 85077. What is i(t)?
6
Let v be 4*(90/12 - 6). Let q(p) = -9*p + 23*p**3 - 6*p**2 + v + 16*p - 24*p**3. Determine q(-7).
6
Let k(j) = -j**2 - j - 20. Let f = -96 - -102. Let r be 1/(-6) - (-1)/f. Give k(r).
-20
Let k(y) = 23 + 2*y + 29 + 7*y - 10*y - 20. Determine k(11).
21
Let l(q) = -q**2 - 3*q + 1. Suppose -506 = -5*j + 12*b - 14*b, 2*j = -4*b + 196. Let g = -109 + j. Determine l(g).
-27
Suppose 2*t + 66*i + 10 = 71*i, i + 4 = 0. Let c(x) = -7*x - 92. Calculate c(t).
13
Let f(s) = -s**3 + 18*s**2 - 12*s + 2. Let k(b) = -3*b**2 + 5*b - 1. Let u(r) = -f(r) - 4*k(r). Calculate u(8).
66
Let g(x) be the second derivative of -9*x**5/20 - x**4/3 + x**3/2 + 10*x - 16. Give g(2).
-82
Let i be -2 - 8*(-8)/16. Let d(c) = -365*c + 8*c**i + c**3 + 380*c + 0*c**2 + 5. Give d(-6).
-13
Let o(p) = 4*p**3 + 5*p**2 + 1. Let a(j) = -j + 1. Let g be a(-4). Let q(i) = i**3 + i**2. Let k(r) = g*q(r) - o(r). Suppose -2395*w + 1649 = -3141. Give k(w).
7
Let b(s) = 8104 - 2028 - 2030 + s - 2030 - 2027. Calculate b(10).
-1
Suppose 2*n = 200 - 48. Let t = n - 79. Let r(o) = -o**3 + o**2 + 5*o + 4. Determine r(t).
25
Let a(d) = -3*d + 4. Let i be (3 - 171/27)/((-2)/(-93)). Let s = i - -103. Let o be 12/(-60) - (s/10 + 2). Calculate a(o).
-5
Let q = 108 + -104. Let y(x) = 3*x + 12. Let m(v) = 2*v + 7. Let o(f) = 5*m(f) - 3*y(f). Calculate o(q).
3
Suppose 2*o - 23 = -2*p + 15, 0 = -3*o + 15. Suppose -p - 16 = -5*u. Let s be (-5)/15 - 22/u. Let j(d) = d**2 + 3*d + 4. Calculate j(s).
8
Let o = 41 + -89. Let k be ((-12)/(-10))/(o/(-160)). Let t(f) = 6 + 2*f - 3*f + 2 - k. Determine t(-3).
7
Let o(i) be the second derivative of i**5/20 - 2*i**4 - 23*i**3/6 - 23*i**2 - 2691*i. Determine o(25).
4
Let i(w) = 51*w**3 + 6*w**2 - w + 14. Let m(r) = 59*r**3 + 7*r**2 - 2*r + 16. Let